67
Let b(s) = 7*s - 21. What is b(12)?
63
Let b(x) = 3*x**2 - 41*x - 41. What is b(15)?
19
Let r(i) = i**3 - 12*i**2 + 3*i - 41. Calculate r(12).
-5
Let h(q) = -37*q - 24. Calculate h(-4).
124
Let h(g) = -g**3 + 14*g**2 - 20*g - 142. What is h(11)?
1
Let s(b) = -71*b**2 - 5109*b + 212. Calculate s(-72).
-4
Let q(x) = 3*x**2 - 7*x - 23. What is q(-7)?
173
Let g(q) = -3*q**3 - 7*q**2 - 7*q + 7. What is g(-3)?
46
Let k(l) = 4*l**3 + 4*l**2 + 270*l - 1075. What is k(4)?
325
Let q(r) = 160*r + 11345. What is q(-71)?
-15
Let b(v) = 10*v**2 + 17*v - 16. Determine b(-6).
242
Let j(n) = -13*n - 32. Calculate j(48).
-656
Let m(s) = -s**3 - 30*s**2 - 51*s - 52. Determine m(-28).
-192
Let m(l) = -2*l**3 + 8*l**2 + 12*l - 15. Give m(5).
-5
Let s(h) = -h**2 + 17*h + 29. Calculate s(19).
-9
Let b(s) = 14*s + 504. Calculate b(-36).
0
Let v(w) = 19*w + 268. What is v(-15)?
-17
Let f(s) = s**2 + 57*s - 280. Give f(-63).
98
Let j(g) = 67*g - 863. What is j(14)?
75
Let k(z) = -4*z**3 - 7*z**2 - 4*z - 6. Calculate k(-3).
51
Let d(t) = 870*t + 4304. Determine d(-5).
-46
Let t(g) = -4*g**3 - 8*g**2 + 10*g - 3. Give t(-3).
3
Let p(a) = -a**3 + 5*a**2 - 28*a + 90. Determine p(4).
-6
Let t(k) = -k**3 + 11*k**2 + 12*k - 84. Determine t(11).
48
Let q(m) = -28*m**2 + 128*m + 52. What is q(5)?
-8
Let d(f) = 2*f**3 + 119*f**2 - 186*f - 177. Determine d(-61).
6
Let h(p) = 26*p**2 + 781*p + 28. What is h(-30)?
-2
Let u(g) = 3390*g - 44066. Give u(13).
4
Let x(n) = 2*n - 90. Determine x(23).
-44
Let a(k) = -22*k**2 - 38. Give a(-4).
-390
Let f(v) = -v**3 - 10*v**2 + 523*v + 528. Determine f(-28).
-4
Let c(b) = b**2 - 1743*b + 51387. Calculate c(30).
-3
Let n(l) = 2194*l - 59263. What is n(27)?
-25
Let u(v) = -13*v**2 + 129*v - 360. Give u(6).
-54
Let l(a) = 388*a - 2329. Give l(6).
-1
Let t(d) = -d**2 - 52*d + 282. Determine t(-48).
474
Let j(d) = d**2 + 183*d + 541. Calculate j(-3).
1
Let m(x) = -4*x**2 - 247*x - 1280. What is m(-56)?
8
Let t(q) = 4*q**2 - 3989*q + 15892. Determine t(4).
0
Let s(y) = 180*y - 11365. Give s(63).
-25
Let v(t) = t**2 - 4415*t + 26410. Give v(6).
-44
Let c(t) = t**3 - 3*t**2 - 45*t + 129. Determine c(3).
-6
Let k(y) = y**2 + 60*y + 596. What is k(-10)?
96
Let t(q) = 28*q - 476. Give t(17).
0
Let f(q) = q**3 - 4*q**2 - 46*q + 1. Give f(9).
-8
Let t(a) = a**3 + 24*a**2 - 529*a + 33. Determine t(-38).
-81
Let r(b) = -b**3 - 7*b**2 - 156*b - 693. What is r(-5)?
37
Let a(z) = 48*z + 78. Calculate a(-2).
-18
Let u(g) = -28*g**3 - 8*g**2 - 14*g - 7. Calculate u(-2).
213
Let t(q) = -q**3 - 20*q**2 - 21*q - 38. Determine t(-19).
0
Let y(c) = -497*c + 7453. Give y(15).
-2
Let h(k) = -k**3 - 22*k**2 + 143*k + 3448. What is h(-21)?
4
Let r(x) = x + 132. What is r(27)?
159
Let y(n) = -n**2 - 450*n + 900. Calculate y(2).
-4
Let t(z) = z**2 - 33*z + 249. Calculate t(23).
19
Let x(v) = -3*v**2 + 105*v + 97. What is x(35)?
97
Let j(x) = x**2 - 93*x + 822. Calculate j(83).
-8
Let h(b) = 7*b**3 + 3*b**2 + 9*b - 20. Give h(2).
66
Let x(u) = 26*u - 762. Calculate x(29).
-8
Let j(c) = c**3 - 47*c**2 + 86*c + 87. Determine j(45).
-93
Let o(i) = -288*i + 272. Give o(1).
-16
Let d(k) = -55*k**2 - 11827*k - 431. Determine d(-215).
-1
Let u(n) = 222*n + 16214. Calculate u(-73).
8
Let u(i) = -14*i - 72. Give u(-4).
-16
Let c(x) = -76*x**2 - 7142*x + 211. Give c(-94).
23
Let h(p) = p**3 + 27*p**2 + 99*p - 251. Give h(-22).
-9
Let q(u) = -7*u - 194. Calculate q(-25).
-19
Let k(d) = -355*d + 2130. What is k(6)?
0
Let t(v) = 295*v - 276. Give t(1).
19
Let j(z) = -4*z - 198. Calculate j(31).
-322
Let i(m) = -12*m + 757. Calculate i(63).
1
Let s(k) = k**3 + 31*k**2 - 39*k - 55. Determine s(-32).
169
Let h(m) = -6*m**2 - 15*m - 1. Calculate h(-6).
-127
Let r(o) = -o**3 + 27*o**2 - 239*o + 4726. Determine r(25).
1
Let a(m) = 3*m**3 - 53*m. Give a(6).
330
Let s(c) = 406*c - 11861. What is s(29)?
-87
Let r(k) = k**3 + 20*k**2 + 84*k - 44. Calculate r(-14).
-44
Let l(h) = 28*h**3 - h**2 - h. Calculate l(2).
218
Let c(y) = -y**3 + 15*y**2 - 22*y + 29. Calculate c(9).
317
Let o(m) = -17*m + 221. What is o(10)?
51
Let v(k) = k**3 + 5*k**2 - 101*k - 618. Give v(-6).
-48
Let t(a) = 2*a**3 - 6*a**2 + 28*a - 177. What is t(5)?
63
Let j(y) = y**3 + 6*y**2 - 19*y - 2. Determine j(3).
22
Let g(a) = 15*a**2 - 18*a - 16. Determine g(-1).
17
Let o(p) = -2*p**2 + 659*p - 2600. Give o(4).
4
Let b(a) = -157*a - 1954. Give b(-13).
87
Let v(p) = -74*p**2 + 5*p + 14. What is v(-2)?
-292
Let p(r) = -r**3 - 19*r**2 + 2*r + 18. Give p(-19).
-20
Let a(v) = -v**3 - 33*v**2 + 3*v + 91. Determine a(-33).
-8
Let g(k) = -k**3 + 6*k**2 + 64*k - 17. What is g(11)?
82
Let t(z) = 2*z**2 + 9*z + 44. Give t(-13).
265
Let g(r) = 3*r**3 + r**2 + 66*r - 67. Calculate g(1).
3
Let t(f) = -5*f - 52. Calculate t(-5).
-27
Let d(k) = -2*k**3 - 31*k**2 + 64*k + 223. Determine d(-17).
2
Let y(n) = -40*n - 43. What is y(-3)?
77
Let o(q) = -4*q - 98. Determine o(23).
-190
Let s(g) = -g**3 + 53*g**2 - 101*g - 43. Determine s(51).
8
Let k(q) = 6*q**2 - 402*q + 27. What is k(67)?
27
Let w(j) = 8*j - 11. Calculate w(3).
13
Let j(f) = -20*f**3 + 3*f**2 + 10*f + 39. Determine j(-3).
576
Let r(z) = -z**3 - 6*z**2 - 23*z - 80. Calculate r(-3).
-38
Let p(w) = -639*w + 1273. Calculate p(2).
-5
Let f(z) = 2*z**3 - 6*z**2 - 10*z + 3. Give f(4).
-5
Let j(w) = w**3 + 27*w**2 + 164*w + 40. What is j(-18)?
4
Let p(j) = -j**3 - 22*j**2 + 10*j - 149. Calculate p(-22).
-369
Let j(r) = -12*r**3 + 7*r**2 - 3*r - 4. What is j(1)?
-12
Let z(x) = -153*x**2 + 137*x + 10. Give z(1).
-6
Let m(f) = 34*f + 91. What is m(12)?
499
Let p(r) = -64*r - 8656. What is p(-135)?
-16
Let g(x) = -2*x**2 + 41*x - 99. Calculate g(3).
6
Let p(a) = a**2 - 2*a - 82. Calculate p(-12).
86
Let f(w) = -4*w + 15. What is f(-10)?
55
Let v(y) = 2*y**2 - 15*y + 26. What is v(10)?
76
Let v(g) = -74*g - 516. Calculate v(-7).
2
Let w(h) = h**3 + 2*h**2 - 26*h - 68. What is w(-5)?
-13
Let g(a) = -a**3 + 28*a**2 - 27*a + 12. Give g(27).
12
Let v(q) = -q**2 - 25*q + 1655. Determine v(-55).
5
Let j(t) = -3*t**3 + 24*t**2 - 18*t + 65. Calculate j(7).
86
Let f(j) = 3*j**2 - 118*j - 316. Determine f(42).
20
Let b(w) = 2*w**2 + 1596*w + 17313. Determine b(-11).
-1
Let s(v) = 3*v**3 - 34*v**2 + 60*v - 521. What is s(11)?
18
Let x(v) = 19*v + 1258. Calculate x(-65).
23
Let w(n) = 107*n**2 + 1. Give w(1).
108
Let n(c) = 467*c - 505. Give n(2).
429
Let s(c) = c**3 + 19*c**2 - 24*c + 41. What is s(-21)?
-337
Let a(j) = 2*j**3 - 39*j**2 + 148*j + 37. What is a(8)?
-251
Let l(r) = -r**2 + 6*r + 1077. Give l(36).
-3
Let v(s) = -2*s**3 + 34*s**2 + 74*s + 12. What is v(19)?
-26
Let u(t) = -t**2 + 259*t + 5872. Give u(-21).
-8
Let m(s) = 448*s - 14781. Calculate m(33).
3
Let d(u) = -16*u**2 + 23*u - 21. Give d(3).
-96
Let f(p) = -p**3 - 26*p**2 + 186*p + 41. Give f(6).
5
Let p(z) = 67*z + 96. Calculate p(-5).
-239
Let v(x) = -2*x**2 + 95*x + 1092. Calculate v(57).
9
Let c(h) = 3*h**3 - 5*h**2 + 3*h + 7. What is c(3)?
52
Let m(v) = -v**2 + 31*v + 411. Determine m(39).
99
Let a(c) = 18*c - 740. Give a(45).
70
Let h(y) = -y**2 - 7*y - 13. What is h(-6)?
-7
Let x(q) = 111*q - 8297. Give x(77).
250
Let j(b) = -404*b + 6504. What is j(16)?
40
Let a(n) = -2*n**3 - 6*n**2 + 85*n + 35. Give a(-8).
-5
Let t(g) = 404*g - 1516. What is t(4)?
100
Let u(y) = -1859*y + 12998. What is u(7)?
-15
Let g(y) = 220*y + 4744. What is g(-23)?
-316
Let q(g) = -g**3 - 23*g**2 - 98*g - 51. What is q(-5)?
-11
Let c(j) = 2*j**2 + 209*j - 1196. What is c(-110)?
14
Let h(i) = i**2 - 51*i + 525. What is h(10)?
115
Let t(r) = -2*r**2 + 46*r - 145. Calculate t(17).
59
Let m(a) = -4*a**2 + 66*a + 21. What is m(18)?
-87
Let i(f) = f**2 + 5*f + 10. Give i(-7).
24
Let b(x) = 46*x + 2666. Give b(-59).
-48
Let q(s) = -s**2 + 40*s - 375. What is q(8)?
-119
Let c(x) = -5*x**2 - 8*x - 1. What is c(-4)?
-49
Let u(x) = x**3 + 9*x**2 + 9*x - 40. Calculate u(-7).
-5
Let n(z) = -6*z - 23. Give n(29).
-197
Let h(s) = s**2 + 38*s - 135. Calculate h(-37).
-172
Let c(w) = -15*w + 264. Calculate c(30).
-186
Let l(a) = -1221*a + 43960. Determine l(36).
4
Let g(a) = 1481*a - 1336. Give g(1).
145
Let a(d) = 10*d + 1045. What is a(-110)?
-55
Let k(q) = 41*q**2 - 267*q - 73. Determine k(7).
67
Let z(d) = d**2 + 49*d - 209. What is z(-48)?
-257
Let w(y) = -y